y. Let f = -208 + 218. Calculate the greatest common divisor of l and f.
10
Suppose h - 2*f - 272 = 0, 5*h = 2*f + 981 + 411. Calculate the highest common divisor of h and 120.
40
Suppose -6*n - 591 = -2331. Calculate the highest common factor of 87 and n.
29
Suppose 0 = -32*s + 7*s + 100. Suppose s*y + 0*y + 4 = 0, -3*h - y + 98 = 0. Let z(o) = -o + 1. Let n be z(-2). What is the greatest common factor of n and h?
3
Let a be (54/162)/((-1)/3) - -885. What is the highest common divisor of 78 and a?
26
Let p be (4 - (-1 - -3)) + -2. Suppose -19 + 1 = -b - v, -3*b + 2*v + 54 = p. Suppose -3*n + 72 = -n. Calculate the greatest common factor of n and b.
18
Suppose 4*l = m + 2*l, 2*l + 8 = 3*m. Let b = 12 - m. Let g be 1/4 - (-478)/b. Calculate the highest common factor of g and 40.
20
Let q = -159 + 176. Calculate the highest common divisor of q and 1.
1
Suppose 1 - 79 = -3*x. What is the highest common divisor of 182 and x?
26
Let g be 4*-22*2/(-8). Let l = 38 - g. Let b be 187/22 - (-3)/(-6). What is the greatest common factor of l and b?
8
Suppose 3*k + 2*v - 42 = 0, 2*k + 2*v + 54 = 5*k. Let o be (-84)/(-105)*(4 - -1). Calculate the greatest common divisor of k and o.
4
Suppose 2*b - 4*u = 6*b - 852, -4*u = -2*b + 396. What is the greatest common factor of b and 91?
13
Let p = 24 - 19. Let w be (-35)/(-1)*(p - 6). Let j = 116 + w. What is the greatest common divisor of j and 9?
9
Let d(z) = -13*z**2 + 10*z - 12. Let t(q) = -q**2 + q - 1. Let m(k) = -2*d(k) + 22*t(k). Let r be m(3). Calculate the highest common divisor of 4 and r.
4
Let b = -10 - -34. Let d = 9 + b. What is the greatest common factor of d and 3?
3
Let d(b) = b + 6. Suppose 4*w + 7 = -29. Let v = w + 6. Let u be d(v). What is the highest common divisor of u and 15?
3
Suppose 3*n = 18*n - 2295. Calculate the greatest common divisor of 51 and n.
51
Suppose -k + 13 = 3. Suppose -50 + k = -4*p. Let t be (-525)/6*(-8)/p. What is the greatest common divisor of t and 14?
14
Let u = -189 + 514. What is the greatest common factor of 52 and u?
13
Suppose -4*n + 597 = 5*l, 35*n + l - 434 = 32*n. Calculate the highest common factor of 104 and n.
13
Let t = -49 - -53. Suppose 34 = t*k + p, -3*k - 4*p = k - 28. What is the greatest common factor of k and 9?
9
Suppose 408 = -3*s - 4*f, -117 = s + 2*f - 7*f. Let k = -64 - s. What is the highest common factor of k and 17?
17
Let g = 415 - 79. Calculate the highest common divisor of g and 112.
112
Suppose -19312 = -95*o + 87*o. What is the greatest common factor of 34 and o?
34
Suppose -2 = 4*h - 114. Suppose 4*r - 35 + 7 = 0. What is the greatest common factor of r and h?
7
Let d = 506 + -458. Let g = 40 + -8. Calculate the highest common factor of d and g.
16
Let c(y) = 45*y - 171. Let r be c(6). What is the highest common divisor of 528 and r?
33
Let x = 61 - 50. What is the highest common factor of x and 275?
11
Let a = -168 - -284. What is the highest common factor of a and 4?
4
Suppose 5*a + 5*c = 35, -2*a = -5*c - 14 - 7. Suppose -a*g = -9*g + 4. Calculate the highest common divisor of g and 44.
4
Let a = 118 + -88. Suppose -c - 2*c - 4*w + 12 = 0, -2*w = -4*c + 16. Suppose -c*y + 26 = -a. What is the highest common divisor of y and 21?
7
Let a be ((-10)/2)/(-2 - -1). Suppose a*z = 247 + 393. What is the highest common divisor of z and 16?
16
Suppose -581 = 4*i - 21. Let q be (24/(-14))/(10/i). Let p(l) = l + 8. Let b be p(-5). Calculate the greatest common factor of q and b.
3
Let k(y) = 14*y - 63. Let v be k(7). Calculate the greatest common factor of v and 21.
7
Let r = 244 + -92. Let m be (-6)/12 - (-154)/4. What is the highest common factor of m and r?
38
Let q = 213 - 137. Suppose 2*r + 4*j - 76 = -j, 4*j = -2*r + q. Calculate the highest common factor of r and 57.
19
Let n(f) = 5*f**3 + f**2 - 3*f - 2. Let d = 59 + -57. Let r be n(d). Calculate the highest common factor of r and 144.
36
Let f(h) = 3*h + 1. Let t be f(-1). Let j = 328 - 326. Let l be t + 1 + 4 - j. What is the greatest common divisor of l and 5?
1
Let k(a) = -93*a + 2. Let r be k(-3). Let h = -185 + r. Suppose 5*i - h = 54. Calculate the greatest common divisor of 20 and i.
10
Suppose 0 = 3*f - 49 - 176. Let h be (-12 - 6)*(-20)/12. Calculate the highest common factor of f and h.
15
Let p = -14 - -22. Let w = -813 - -901. What is the highest common divisor of p and w?
8
Let m be 2112/36 - 4/6. Let z = -26 + m. Let f be (5/(-2))/((-2)/z). What is the highest common factor of f and 10?
10
Let o = 25 + -21. Let y(g) = 16*g - 38. Let p be y(o). What is the greatest common factor of 104 and p?
26
Suppose -3*p + g - 28 = -4*g, -4*g + 16 = 4*p. Let k be ((-3)/p)/1 - 1. Suppose -b - k*b = -210. Calculate the greatest common factor of 28 and b.
14
Let a = 79 + -79. Suppose -2*i - 4*d + 8 + 4 = 0, a = 2*d. Calculate the greatest common factor of i and 9.
3
Let u be 10/(-50) - 129/5. Let p = u - -320. Let m = -126 + p. Calculate the highest common divisor of 24 and m.
24
Let d be 28/2*(6 - 44/8). Suppose w - 34 = 3*a - d*a, -48 = -2*w - 4*a. What is the greatest common factor of w and 2?
2
Let u(o) = o**3 + 18*o**2 + 16*o - 10. Suppose -5*p - 85 = -0*p. Let l be u(p). Calculate the highest common factor of l and 14.
7
Let q be 2/8 + (-195)/(-20). Let c = -15 - -9. Let r = q - c. Calculate the greatest common factor of r and 40.
8
Suppose i + 2 = -q, -2*i = -5*i + 5*q + 26. Let w be (-2)/8 + 34/8. Suppose -5*z - 2*k + 5 = -i*z, w*k = 4. Calculate the highest common factor of 1 and z.
1
Let u(q) = q**2 - 11*q + 21. Let s = 16 - 6. Let c be u(s). What is the greatest common divisor of c and 33?
11
Suppose -u - 26 + 29 = 0. Suppose 4*x - 6 = -u*n + 45, 0 = -x + 3*n + 9. Calculate the highest common factor of 84 and x.
12
Let i = -24 - -94. Let m = i - 40. Calculate the greatest common factor of m and 15.
15
Let n(w) be the third derivative of -53*w**4/24 + 2*w**3/3 + 11*w**2. Let q be n(-2). What is the greatest common factor of q and 22?
22
Let m be 4/(-2)*((-7)/(-14))/((-4)/120). Let k = 16 + 4. Calculate the highest common factor of k and m.
10
Let x be 1 + -1 + 1 + 5 - 5. Calculate the highest common factor of x and 67.
1
Let x = 52 - 28. Suppose -x = 3*a - 0*a. Let b be 6 + a*(-5)/10. Calculate the greatest common divisor of 50 and b.
10
Suppose -16*s + 6*s = -600. Calculate the greatest common factor of 48 and s.
12
Let u = 8148 + -8143. Let l(x) = -x**3 + 8*x**2 - 6*x + 9. Let v be l(6). Calculate the highest common divisor of u and v.
5
Let g(k) = 16*k - 170. Let b be g(23). Calculate the highest common factor of b and 288.
18
Let a be (-7)/35 - 458/10 - 4. Let p = a + 64. Calculate the greatest common divisor of 112 and p.
14
Suppose 4*b - 2 - 18 = -4*g, -2 = 2*b + 5*g. Suppose -5*v + 165 = -330. Calculate the highest common factor of b and v.
9
Let n be 3 - 2 - (19 + (-2 - -2)). Let y = n + 30. What is the greatest common divisor of y and 8?
4
Let l = 278 + -70. Suppose 6*r - 2 = l. What is the greatest common factor of r and 280?
35
Let w = 135 - 92. Let b = w - 36. Calculate the highest common factor of b and 21.
7
Let n = -120 + 139. Suppose -5*z + 15 = 0, 5*z - 291 = -3*p + 3*z. Calculate the greatest common factor of n and p.
19
Let w(x) = 2*x**3 - 8*x**2 - 4*x - 14. Let z(r) = r**3 - 10*r**2 + 2*r - 13. Let m be z(10). Let d be w(m). What is the highest common factor of d and 36?
36
Let n be 81 + (-6 - -3) + -2. Let p(r) = r**2 - 6*r - 8. Let s be (-36)/10*10/(-4). Let t be p(s). What is the greatest common divisor of t and n?
19
Let m(j) = 7 - 1 - 38 + 6*j. Let s be m(8). What is the highest common factor of 16 and s?
16
Let o(u) = -u**3 + 3*u**2 + 17*u - 1. Let s be o(4). Calculate the greatest common factor of s and 255.
51
Let h be 5 + 6 + (6 - 1). Suppose 0*w - 5*w + 7 = -3*p, 5*p = -5*w + 15. Suppose p = -u - 5*x, 0*x - 4*x = 20. What is the greatest common factor of u and h?
8
Let b be (-1286)/(-23) + 6/69. Calculate the highest common divisor of b and 7.
7
Let v = 753 - 284. Calculate the highest common divisor of 335 and v.
67
Let d(w) = -w**3 + 38*w**2 - 21*w - 59. Let s be d(37). What is the greatest common divisor of 52 and s?
13
Suppose 2*h = 65*j - 62*j - 185, 0 = j + 3*h - 69. Let s(d) = -d**3 + d**2 + d + 84. Let l be s(0). Calculate the greates